 282 is divided by n?
69
Let v be 5/2 + (-21)/6 + 5. Suppose 11*y = v*y + 259. Let o = -3 + 22. Calculate the remainder when y is divided by o.
18
Let p(l) = -43*l - 5. Let w be p(-7). Let y be ((-3)/(-1))/6*w. Let x = y - 83. What is the remainder when x is divided by 17?
14
Let s = 27 - 2. Let r(y) = -47*y + 1. Let b be (0 + -1)/(-2 - -3). Calculate the remainder when r(b) is divided by s.
23
Let u = 2 - -3. Let i = -35 + u. What is the remainder when (-54)/(-7)*(-140)/i is divided by 13?
10
Suppose 2*o + 3 = 3*b - 11, 28 = -4*o - 3*b. What is the remainder when 61 is divided by (-7)/1*(-10 - o)?
19
Suppose 4*r = 16, -5*m + 4*r - 151 = -2*m. Let u = -7 - m. What is the remainder when u is divided by 14?
10
Let c be (-99)/(-15) + (-4)/(-10). Suppose 3*p - c*p + 56 = 0. Suppose 6*n - 9 = 3*n. Calculate the remainder when p is divided by n.
2
Suppose d - 5*l = 147, -2*d - 2*l + 366 - 120 = 0. What is the remainder when 377 is divided by d?
123
Suppose 0*o - 2*o + 32 = 0. Suppose o = 2*p + 8. Suppose p*q = 23 + 77. What is the remainder when q is divided by 14?
11
Let q = -351 + 529. What is the remainder when q is divided by 13?
9
Let c(x) = x**3 + 6*x**2 + 13*x - 13. Let p(u) = -2*u**3 - 7*u**2 - 14*u + 13. Let m(j) = -3*c(j) - 2*p(j). Calculate the remainder when 71 is divided by m(6).
14
Suppose -406*d + 413*d - 154 = 0. Let j = 17 + -10. Let y(c) = c**3 - 6*c**2 - 5*c - 8. Calculate the remainder when d is divided by y(j).
4
Suppose -410 = -4*a + 2*t, -3*a - 3*t = -148 - 182. What is the remainder when a is divided by 27?
24
Suppose 0 = 123*r - 118*r - 2*l - 326, -4*r = -4*l - 268. Calculate the remainder when 125 is divided by r.
61
Let h(f) = -2*f - 26. Let i(c) = -c**3 - 13*c**2 - 16*c - 21. Calculate the remainder when i(-12) is divided by h(-19).
3
Let k(v) = 22*v - 57. Calculate the remainder when (15 - -1)*(-1 - -2) is divided by k(3).
7
Let a = -15 - -3. Let k be 71/4 + (-3)/a. What is the remainder when 4/18 + 482/k is divided by 15?
12
Let r = 2130 + -2072. Calculate the remainder when 404 is divided by r.
56
Let z = 59 + -50. Suppose -z*r + 45 = -4*r. Calculate the remainder when 15 is divided by r.
6
Let g = 105 - 103. Suppose x + 229 = 4*n, g*n - 5*x - 148 = -29. What is the remainder when 113 is divided by n?
56
Suppose 34*f = 45*f - 495. Suppose 4*m - 5*m = -3*q + 49, q = -2*m + 21. What is the remainder when f is divided by q?
11
Suppose -5*p + 3*m = 308, 3*p + 2*m + 72 = 2*p. Let i = p + 40. Let a = i + 43. What is the remainder when a is divided by 10?
9
Suppose 3*s + 0*s + 34 = -2*f, 4*s + f + 47 = 0. Calculate the remainder when (-414)/(-8) - (-3)/(-4) is divided by ((-26)/4)/(6/s).
12
Suppose -5*j - 3*t = -277, -243 = -5*j - 4*t + 33. Calculate the remainder when j is divided by 34.
22
Let c(g) = 9*g**2 - g + 11*g**2 + 46 + 13*g**2 - g**3 - 11*g**2. What is the remainder when c(22) is divided by 5?
4
Let z = -94 - -81. What is the remainder when 25 is divided by 7/((-35)/25) - z?
1
Let j(u) = 11*u + 97. Suppose -z + 2*z = 6. What is the remainder when j(-2) is divided by z/9*(0 + 39)?
23
Let l = 55 - 128. Calculate the remainder when (l/2)/((-77)/(-14) - 6) is divided by 26.
21
Suppose 7*r - 1674 = -260. What is the remainder when r is divided by 29?
28
Suppose -b - 9 = -m + 2, -4*b + 34 = 2*m. Suppose -735 = -2*q - m*q. What is the remainder when 189 is divided by q?
42
Let n(f) = -19*f + 24. Calculate the remainder when n(-7) is divided by 6/(-18) + 363/9.
37
Let h = 26 - 24. Suppose 5*j = -5*q + 55, 4*q - h*q = -5*j + 31. Calculate the remainder when 5/(4*2/q) is divided by 2.
1
Suppose m - 5*m + 380 = 0. Let x = m + -37. What is the remainder when x is divided by 30?
28
Suppose 0 = 6*x - 105 + 63. What is the remainder when 56 is divided by x?
0
Suppose -2*v - 5*q = 3*v - 2170, 4*q = 20. Calculate the remainder when v is divided by 16.
13
Let u(l) = -l**2 + 17*l - 34. Calculate the remainder when 212 is divided by u(10).
32
What is the remainder when 6/(-9)*(-1)/(10/3210) is divided by 31?
28
Calculate the remainder when -25*(-1)/3*15 is divided by 34.
23
Suppose 5*a - 416 = -5*o + 109, -3*a - 4*o = -314. Calculate the remainder when a is divided by 29.
19
Let p = 3369 + -3349. Calculate the remainder when p is divided by (1/(-2))/((-2)/28).
6
Let v(l) = -42*l + 5. Let d be 6 - -4*4/(-16). Suppose 3*k = 2*u + 3*u - 2, -2*u + d*k = -16. What is the remainder when v(u) is divided by 23?
20
Let n = -770 - -807. What is the remainder when 107 is divided by n?
33
Suppose -4*x + 3*c = -184, x + 0*c + 4*c - 46 = 0. Calculate the remainder when x is divided by (-6)/(-20)*2 + (-940)/(-100).
6
Suppose 5*n - 1795 = 2545. Calculate the remainder when n is divided by 58.
56
Suppose a + a = 50. Suppose -2*i - 42 = -2*h, -2*h = -h - 5*i - a. Calculate the remainder when h is divided by (-3)/(-2)*28/6.
6
Suppose 0 = 3*i - 2*v - 1661, -3*i + 4*v = -6*i + 1691. Calculate the remainder when i is divided by 13.
11
Suppose 0*p = -8*p - 40. What is the remainder when 43 is divided by 3/(56/(-12) - p)?
7
Let y = 42 - 32. Let i(f) = 5*f**2 - 1. What is the remainder when y is divided by i(1)?
2
Suppose 25*h - 1763 = -18*h. Calculate the remainder when 73 is divided by h.
32
Let s(u) = u**2 + 15*u - 10. Let x be s(-15). Let m = x + 22. What is the remainder when 46 is divided by m?
10
Suppose -4*t - 1049 = -6341. Let q be t/28 - (-2)/(-8). Suppose 3*f = -2*s + q, 0*s = s + f - 25. Calculate the remainder when 111 is divided by s.
27
Suppose -1 = -f, -7*y + 5*f - 30 = -12*y. What is the remainder when 27 is divided by y?
2
Suppose 25 = -4*o + 561. Suppose 177 = -3*d + 4*g, d + 5*g - 174 = 4*d. Let s = o + d. Calculate the remainder when s is divided by 24.
23
Suppose 4*n - 76*w + 73*w - 4097 = 0, -3*n - w + 3076 = 0. What is the remainder when n is divided by 9?
8
Let b(d) = -3*d**3 + 10*d**2 + 10*d + 4. Let f(x) = -x**3 + x**2 + x. Let g(l) = -b(l) + 2*f(l). Calculate the remainder when 12 is divided by g(9).
2
Let p = -294 + 188. Let a be (-2)/(-4)*p/1. Let d = -19 - a. What is the remainder when 67 is divided by d?
33
Let k = -563 + 614. What is the remainder when 100 is divided by k?
49
Let y(a) = a**3 + 5*a**2 + 3*a - 2. Let i be y(-4). Let u(q) = 28*q - 2. Let p be u(-4). What is the remainder when p/(-10) - i/5 is divided by 3?
2
Let z = -769 + 832. What is the remainder when 93 is divided by z?
30
Calculate the remainder when ((-140)/15)/((-5)/105) is divided by 18.
16
Suppose -1 = -l + 5*i, 5*i - 24 + 9 = 5*l. Let g = l - -19. What is the remainder when 0 + 64 + 99 + -105 is divided by g?
13
Let a = -399 + 583. What is the remainder when a is divided by 63?
58
Suppose -255 = 2*j - 7*j. Let k = j - 36. Suppose -2*l + 2*m - 58 = -4*l, -5*m = -10. What is the remainder when l is divided by k?
12
What is the remainder when (-55)/165 - 823/(-3) is divided by 70?
64
Suppose -219 + 114 = -7*m. Let d(q) = -q**2 - 3*q**3 + 72 - 2*q + 2*q**2 + 4*q**3 + q. What is the remainder when d(0) is divided by m?
12
Suppose -97 = 5*l - 22. What is the remainder when l/(-5) - 185*-1 is divided by 38?
36
Suppose u = 3*u + b - 303, 0 = u + 5*b - 138. Let t = u - 72. What is the remainder when t is divided by 14?
11
Let z = 102 + -81. Let n = 13 + z. Calculate the remainder when n is divided by 8.
2
Let v be 48/40*(-2 - (-18)/4). What is the remainder when 46 is divided by (40/v)/(-4)*36/(-5)?
22
Suppose 0*m + 3*u = -5*m + 37, 3*u + 8 = 4*m. Let f be (-2)/m + 2880/75. Let n = -36 + f. Calculate the remainder when 8 is divided by n.
0
Let c(l) be the first derivative of -35*l**2/2 + 2*l - 11. Let k be c(-1). Suppose -6*f + k = -17. What is the remainder when 44 is divided by f?
8
Suppose -7 = -4*r + 13. Suppose -3 = -2*i + 3*n - 2, 25 = r*i - 3*n. Suppose 0 = -4*u - u - 10, 2*p - 2*u = 14. Calculate the remainder when i is divided by p.
3
Suppose -d = 2*d - 12. Suppose -2 = d*n - 6. Calculate the remainder when 6 is divided by n.
0
Let k(q) = -6*q**3 - 5*q**2 - 5*q - 1. What is the remainder when 19 is divided by k(-1)?
4
Suppose 0 = -15*v + 11 + 874. What is the remainder when 175 is divided by v?
57
Let f(i) = -2*i**2 + 21*i + 7. What is the remainder when 303 is divided by f(9)?
31
Suppose -21*m - 460 = -44*m. What is the remainder when 474 is divid